*2 - v**3. Suppose 1314*u - 20 = 1310*u. Calculate x(u).
-1
Let o(u) = -u**2 - 13*u - 9. Let n be (81 - 77)*(1 - 3). Give o(n).
31
Let r(n) = 2*n**2 + n - 1. Let d(s) be the second derivative of s**5/10 + 5*s**4/6 + 2*s**3/3 - 3*s**2/2 + 41*s. Let x(w) = -d(w) + 4*r(w). Calculate x(-2).
7
Let x be (-3 + 0)*(10 + -11). Suppose v - 5*h = -2*v + 16, x*v = -3*h - 24. Let w be (0 - -1)*(v - -5). Let y(u) = 5*u - 3. Calculate y(w).
7
Let r(m) = -m + 2 + 2*m - 1. Let u(c) = -2*c**3 - 6*c**2 - 3*c + 9. Let o be u(-3). Suppose -o + 24 = -y. Determine r(y).
-5
Let f(h) = h**3 - 5*h**2 - 5*h - 2. Suppose -5*i + 8 = -3*i. Suppose 0 = i*q - 140 + 20. Suppose 7*z - 3*z + 2*x = q, z + 9 = 5*x. What is f(z)?
4
Let p(b) = 6*b**2 - b - 1. Let z be (-5)/(-25) + 6/(-5). Let u be (-16)/(-8) - (4 + z). What is p(u)?
6
Let x(u) = 2*u**2 + 8*u + 6. Let b be 737/(-143) - (-4 - 200/(-52)). What is x(b)?
16
Suppose -l = -4*d - 9 - 1, -d = -4*l - 5. Let z be 4/l*(-12 - -14). Let n(j) = j**2 + 4*j - 3. Give n(z).
-3
Let t(d) = 2*d**3 + 4*d**2 + 7*d. Let l(j) = -5*j**3 - 9*j**2 - 15*j. Let n = -15 + 16. Suppose -i - 4 = -n. Let z(y) = i*l(y) - 7*t(y). What is z(3)?
6
Suppose 2*n + 3*n - 15 = 0, 2*n - 18 = -3*d. Suppose -5*a - d*t = -8, -a + 4*a + 2*t = 4. Let c be a/((1*-4)/2). Let v(l) = l**2 - l - 7. What is v(c)?
-7
Let y(t) = -t**3 + 8*t**2 + 9*t + 4. Suppose -26*n + 43 + 191 = 0. Calculate y(n).
4
Let h(c) be the third derivative of 5*c**4/24 + 2*c**3/3 + c**2. Let b be (-42)/(-12) + (-2)/(-4). Suppose 5*k + 15 = -4*v, 4*k + b*v = 7*v - 12. What is h(k)?
-11
Let r = 52 + -49. Suppose -x + r*p = -14, -4*x + 33 = -p + 10. Let o(i) = i**2 - 3*i - 2. What is o(x)?
8
Suppose 9*v + 18 = 15*v. Let w(q) = 5*q**3 + 7*q**2 - 4*q**3 + 2*q - 29 - v*q + 25. Determine w(-7).
3
Let m(q) be the third derivative of q**4/6 - 13*q**3/6 + 36*q**2. Let d(n) = -3*n + 11. Let t(r) = -3*d(r) - 2*m(r). Give t(5).
-2
Let r = 796 + -795. Let u(b) = 10*b**2 + b. Determine u(r).
11
Let m(t) = -19*t**2 - 24*t + 51. Let f(g) = -7*g**2 - 8*g + 18. Let k(r) = -11*f(r) + 4*m(r). Determine k(8).
6
Let y(i) = -i**2 - 13*i - 34. Let c be y(-9). Let r(j) = -3*j**2 - j - 1. Calculate r(c).
-15
Let a(j) = -j**2 - 4*j. Let x be 4 + (-1)/1 + 6. Let b(m) = m**3 - 10*m**2 + 10*m - 12. Let d be b(x). What is a(d)?
3
Suppose 2*z + 1 = m, -z - 15 = 2*z + 3*m. Let a be (-4)/(-1) - (z - -6). Let j(k) = -k + k**3 + 3*k**2 - 5*k**3 + 4 + 3*k**3 + a*k**3. Give j(3).
1
Let y(u) = 2*u**3 + 4*u**2 + 149 - 3*u**3 + 12*u - 66 - 78. What is y(6)?
5
Suppose 41 - 6 = 5*l. Suppose 0 = -2*a - 2, l*h + 5*a = 2*h + 30. Let v(b) = -h*b**3 + 0*b**2 - b**2 + 5*b**3 + 11*b**3. Determine v(1).
8
Let x(z) be the second derivative of z**7/840 - z**6/360 - z**4/12 + 5*z**3/2 + 2*z. Let d(h) be the second derivative of x(h). What is d(0)?
-2
Let j(t) = 23*t - 1 - 21*t + 0*t**2 - t**2. Let a(b) = 3 - 9*b + 1 - 1 + b**2. Let q be a(9). What is j(q)?
-4
Let y(u) = -u**2 + 3*u - 13. Let a(f) = -f + 1. Let h(m) = 6*a(m) + y(m). Let o(t) = 2*t**2 + 5*t + 14. Let w(s) = -5*h(s) - 2*o(s). Give w(-5).
7
Suppose -2*i - 10 = -7*i. Let l(g) = -6*g**3 + 8*g**2 - 7*g - 4. Let d(r) = -r**3 + r**2 - r - 1. Let j(b) = 5*d(b) - l(b). Determine j(i).
-1
Let i(d) = -12*d**2 - d - d**3 - 34 + 0*d + 29 - 11*d. Calculate i(-11).
6
Let r(y) = -4*y + 2. Suppose -2 = q - 6. Let l(o) = o - 1. Let c(b) = -7*b + 6. Let d(m) = c(m) + 5*l(m). Let g(k) = q*r(k) - 7*d(k). Determine g(-3).
7
Suppose -2*t = 3 - 43. Let a = t + -18. Suppose -v = a*v - 6. Let j(p) = -p**2 + 1. Calculate j(v).
-3
Let b(t) be the third derivative of t**5/60 + 5*t**3/6 + 5*t**2. Let m be b(-4). Let g(l) = -9*l**2 + m*l**2 - 2*l + 3*l - 11*l**2 + 1. Give g(-2).
3
Let f(h) be the second derivative of 11*h - 1/2*h**4 - 2/3*h**3 - 1/20*h**5 + 0 + 3/2*h**2. Determine f(-5).
-2
Let b(k) be the first derivative of 13*k**4/4 + k**3/3 + k**2/2 + 14. Give b(-1).
-13
Let n(w) = -2*w - 3. Let q = -8 - -9. Let h(l) = 1. Let k(d) = q*n(d) + 2*h(d). Give k(-3).
5
Suppose 0 = 2*w + 2*w - 16. Let i(g) = g**3 - 2*g**2 - 8*g - 3. Let d(c) = -c**3 + c**2 + 7*c + 2. Let h(v) = w*d(v) + 3*i(v). Suppose x + 4 = 1. What is h(x)?
-4
Suppose 3*d - 20 = -2*d. Let s(h) = -2*h - 5. Let v(r) = -9*r. Let n(b) = -b + 1. Let y(o) = -6*n(o) + v(o). Let f(a) = 5*s(a) - 4*y(a). Determine f(d).
7
Suppose 3*k - u - 7 + 1 = 0, k + u - 2 = 0. Let m(p) = 6*p + 5*p**k - 2*p**2 - 5*p**2 + 3*p**2. Give m(-5).
-5
Let y(l) = -l**3 + 3*l**2 + 8*l - 3. Suppose 0 = j + 2 - 3. Let n be 1*((2 - j) + 4). Determine y(n).
-13
Let a(g) = -g**3 + 3*g**2 - g + 4. Let o(p) = p**3 - 5*p**2 + 6*p - 5. Let r be o(4). Determine a(r).
1
Suppose 14 = -3*l + 5*l. Let u(z) = -3*z + 1. Let i be u(-5). Let f(q) = -q**2 - 22 - 2*q + 11*q + i. Calculate f(l).
8
Let w(d) be the third derivative of d**8/6720 + d**7/2520 + d**6/240 - 7*d**5/20 + 20*d**2. Let b(q) be the third derivative of w(q). Determine b(-3).
24
Let g(a) be the third derivative of -a**6/120 + 7*a**5/60 + a**4/3 - a**3/2 - a**2 + 16*a. Let j(b) = b**2 + 1. Let u(o) = g(o) - 3*j(o). Determine u(5).
9
Suppose -84 = 145*r - 138*r. Let d(g) = g + 5. Determine d(r).
-7
Let u(r) = -7*r**2 + 11*r - 2. Let n(d) = -d**2 + 2*d - 1. Let k(c) = -6*n(c) + u(c). Suppose 4*z - 16 = -i, 0*i - 2*i + 23 = 5*z. Give k(z).
-8
Suppose -1 = -3*t + 11. Let s be 1 + 4/(t/2). Let d(y) = -y + 3. Calculate d(s).
0
Let p be 2/(-4)*(-4 - -21)*-2. Suppose 4*v + w = -2*w - p, 4 = 4*w. Let u(s) = s**2 + 3*s - 4. Give u(v).
6
Let g(i) = -5*i - 2. Let u(x) = -18*x - 2. Let w(d) = 35*d + 5. Let r(n) = 7*u(n) + 4*w(n). Let z(m) = -11*g(m) - 4*r(m). Give z(-6).
4
Let f be (-30)/4 - 2/(-4). Let a(u) be the second derivative of 0 - 4/3*u**3 + 1/2*u**4 + 1/20*u**5 - 8*u - 9/2*u**2. Calculate a(f).
-2
Suppose 10 + 5 = -v + 4*n, -5*v = -2*n + 3. Let t(l) = -16*l**2 - l + 1. Determine t(v).
-16
Let t(u) = u**2 + 3*u - 1. Suppose d - i = 7, -4*i = -3*i + 5. Suppose -3*l + 11 - d = 4*o, 2*l = -2*o + 4. Give t(o).
17
Suppose 2*f = 5*j + 71, -67 = 5*j - 4*f - 0*f. Let v(z) = -z**3 - 16*z**2 - 16*z + 6. What is v(j)?
21
Let a be (-11 + 11)/(-2 - -1). Let n(k) = 8*k**2 + 2 - 8 - k**3 + a - 4 - 7*k. Calculate n(7).
-10
Let h(p) = -2*p - 1. Let i(l) = -l**3 - 20*l**2 + 2*l + 36. Let q(r) = -r**2 + 7*r - 2. Let j be q(9). Let b be i(j). What is h(b)?
7
Let n(b) = -85*b**2 - 78*b**2 + 1 + 12*b + 164*b**2. Calculate n(-11).
-10
Suppose 0 = 8*u - 13*u + 670. Let v = 126 - u. Let o(c) = -c**2 - 11*c + 5. What is o(v)?
29
Let h(d) = -d**2 + 4*d + 12. Let p be h(5). Let c(x) = -x - 2*x + 4*x - 6 + p - x**3 - 2*x**2. Calculate c(-2).
-1
Suppose -15*z - 13*z + 168 = 0. Let v(k) be the third derivative of -k**5/60 + k**4/4 + k**3/3 - 8*k**2. Give v(z).
2
Let f = 14 - 11. Let z = f - -30. Let l be (-4)/10 + z/(-55). Let j(a) = -7*a**3 + 2*a + 1. What is j(l)?
6
Let l be (-6)/33 + (-196)/11. Let n = 10 + l. Let y(k) = -k**3 - 7*k**2 + 9*k + 2. What is y(n)?
-6
Let f be ((-1)/1)/((-12)/72). Let m(i) = 3*i**3 + 10*i**2 - 3. Let d(n) = -2*n**3 - 9*n**2 + 4. Let c(h) = 4*d(h) + 3*m(h). Determine c(f).
7
Suppose -g - 2*q - 8 = -4*g, 5*g = 5*q + 15. Suppose -r + 6 = g*r. Let v(f) = -1 + 2*f**3 - r*f**3 - f**3 - 4*f + 6*f. Give v(-2).
3
Let a(l) = -4*l - 24. Let w be a(-5). Let x(z) = -z**3 - 5*z**2 + z. Give x(w).
-20
Let k(n) = n**3 - 2*n**2 - 3*n - 2. Let r be k(3). Let h(d) be the second derivative of d**5/20 - d**4/12 - d**3/3 - d**2/2 + 32*d. What is h(r)?
-9
Let r be 0*(0 + 1)/2. Suppose r*z - 2*v = -2*z - 4, 8 = -2*z + 3*v. Let q(p) = -z + 6*p - 4*p + 0*p. What is q(4)?
6
Let r(f) = -5*f**2 - 11*f - 27. Let g(h) = 8*h**2 + 12*h + 31. Let w(n) = 2*g(n) + 3*r(n). Calculate w(10).
-9
Let m(p) = 7*p - 3. Let g be 4 + 1*(0/(-3))/(-5). Determine m(g).
25
Let t(m) = 6*m**2 - 2. Let i be (27/(54/(-4)))/(3 - 2). Determine t(i).
22
Suppose -5*w - 108 = 3*t, 0 = 3*w + 5*t + 19 + 49. Let z(v) = -v**3 - 21*v**2 + v + 20. Calculate z(w).
-1
Suppose 6*y + 16*y = 308. Let l(q) = -q + 6. What is l(y)?
-8
Let j = -735 + 730. Let l(z) = -8*z**2 + 26*z - 7. Let n(a) = 3*a**2 - 9*a + 2. Let k(w) = -4*l(w) - 11*n(w). Calculate k(j).
6
Suppose 0*y = 5*y - v - 11, 3 = y - v. Let w(s) = -y*s - 33 + 23 + 16. Determine w(4).
-2
Suppose 528 = 29*m + 19*m. Let r(j) be the second der